se 16) in base 8?
10
135 (base 8) to base 6
233
-74 (base 13) to base 2
-1011111
Convert 4c (base 15) to base 12.
60
What is 20 (base 5) in base 13?
a
Convert -b (base 13) to base 7.
-14
What is -116 (base 8) in base 5?
-303
Convert 30 (base 16) to base 12.
40
Convert 3 (base 4) to base 12.
3
What is -26 (base 7) in base 12?
-18
Convert -34 (base 9) to base 8.
-37
-2121 (base 3) to base 6
-154
Convert -4b (base 14) to base 9.
-74
What is 2333 (base 4) in base 15?
cb
Convert 16 (base 12) to base 13.
15
What is -285 (base 9) in base 2?
-11101111
What is 1 (base 10) in base 13?
1
Convert -127 (base 9) to base 3.
-10221
What is -29 (base 13) in base 4?
-203
a6 (base 12) to base 13
99
7 (base 10) to base 2
111
What is -11 (base 2) in base 6?
-3
Convert 0 (base 7) to base 13.
0
13 (base 6) to base 2
1001
-2 (base 8) to base 9
-2
What is 7d (base 15) in base 6?
314
Convert -110110 (base 2) to base 11.
-4a
What is 110 (base 2) in base 14?
6
Convert 3 (base 15) to base 14.
3
-25 (base 16) to base 5
-122
-c5 (base 13) to base 16
-a1
113 (base 5) to base 2
100001
What is -56 (base 9) in base 4?
-303
Convert 2 (base 15) to base 16.
2
What is 4 (base 9) in base 16?
4
-7 (base 15) to base 12
-7
Convert -4 (base 16) to base 15.
-4
What is 1 (base 12) in base 5?
1
3 (base 13) to base 12
3
c (base 15) to base 7
15
Convert -1 (base 8) to base 2.
-1
8 (base 9) to base 11
8
What is -3c (base 14) in base 7?
-105
What is 5 (base 16) in base 6?
5
223 (base 6) to base 2
1010111
5 (base 6) to base 12
5
-52 (base 11) to base 12
-49
0 (base 12) to base 6
0
Convert -10 (base 4) to base 14.
-4
Convert -1c (base 15) to base 13.
-21
-25 (base 12) to base 15
-1e
What is -24 (base 12) in base 16?
-1c
Convert -13 (base 4) to base 12.
-7
Convert -1 (base 7) to base 9.
-1
Convert -49 (base 11) to base 12.
-45
What is -b (base 13) in base 3?
-102
-212 (base 3) to base 2
-10111
Convert -125 (base 6) to base 15.
-38
3123 (base 4) to base 5
1334
46 (base 9) to base 6
110
What is -1 (base 9) in base 15?
-1
What is 4 (base 13) in base 7?
4
Convert 3c (base 15) to base 8.
71
Convert 3 (base 6) to base 9.
3
What is -30 (base 7) in base 11?
-1a
412 (base 5) to base 11
98
What is -5 (base 10) in base 7?
-5
What is -2 (base 8) in base 5?
-2
What is -34 (base 12) in base 5?
-130
-4 (base 6) to base 5
-4
What is 100 (base 2) in base 13?
4
15 (base 6) to base 14
b
Convert -1 (base 3) to base 9.
-1
Convert 14 (base 8) to base 11.
11
What is -101 (base 4) in base 6?
-25
What is 2 (base 5) in base 3?
2
Convert 4b (base 14) to base 12.
57
What is 415 (base 6) in base 7?
311
What is 4b (base 12) in base 5?
214
What is -1 (base 15) in base 10?
-1
7 (base 11) to base 12
7
Convert -7 (base 10) to base 2.
-111
Convert 71 (base 10) to base 6.
155
-101 (base 2) to base 10
-5
What is 3 (base 16) in base 10?
3
Convert -1 (base 8) to base 10.
-1
1 (base 2) to base 13
1
Convert 256 (base 9) to base 16.
d5
-5 (base 15) to base 4
-11
What is -31 (base 6) in base 5?
-34
Convert -262 (base 7) to base 14.
-a2
Convert -10 (base 13) to base 4.
-31
Convert -313 (base 8) to base 12.
-14b
What is -2 (base 14) in base 7?
-2
Convert 9 (base 11) to base 2.
1001
What is 100110000 (base 2) in base 11?
257
221 (base 3) to base 16
19
-15 (base 15) to base 4
-110
What is 10 (base 5) in base 9?
5
224 (base 5) to base 14
48
140 (base 5) to base 3
1200
Convert -102 (base 4) to base 15.
-13
Convert -1002 (base 5) to base 7.
-241
-24 (base 15) to base 5
-114
What is -3 (base 5) in base 14?
-3
Convert a (base 12) to base 2.
1010
7 (base 9) to base 13
7
What is -b (base 13) in base 5?
-21
Convert -11 (base 3) to base 2.
-100
What is 2 (base 13) in base 16?
2
What is -352 (base 9) in base 14?
-16a
Convert 177 (base 16) to base 6.
1423
43 (base 10) to base 6
111
Convert -1 (base 3) to base 12.
-1
What is 47 (base 13) in base 3?
2012
-40 (base 7) to base 12
-24
Convert 1011 (base 2) to base 4.
23
2 (base 10) to base 11
2
What is 10000 (base 3) in base 5?
311
-252 (base 7) to base 16
-87
Convert 204 (base 9) to base 10.
166
10e (base 15) to base 3
22212
-133 (base 5) to base 2
-101011
What is -4 (base 5) in base 8?
-4
Convert 1 (base 15) to base 7.
1
Convert 283 (base 10) to base 3.
101111
12 (base 13) to base 5
30
Convert -104 (base 8) to base 5.
-233
-4 (base 15) to base 7
-4
What is 9 (base 12) in base 2?
1001
What is -106 (base 12) in base 16?
-96
What is -a0 (base 12) in base 14?
-88
Convert -62 (base 8) to base 7.
-101
What is 76 (base 9) in base 16?
45
What is 6 (base 10) in base 4?
12
What is -300 (base 5) in base 7?
-135
Convert -1 (base 5) to base 15.
-1
Convert -102 (base 4) to base 2.
-10010
24 (base 5) to base 11
13
Convert 1 (base 12) to base 6.
1
183 (base 11) to base 5
1322
Convert 10 (base 12) to base 2.
1100
Convert 308 (base 12) to base 9.
538
-34 (base 7) to base 14
-1b
-23 (base 14) to base 13
-25
13 (base 4) to base 9
7
4 (base 11) to base 5
4
20 (base 4) to base 12
8
What is 11110 (base 3) in base 8?
170
What is -3 (base 7) in base 10?
-3
What is 2 (base 16) in base 5?
2
-23 (base 4) to base 3
-102
-89 (base 10) to base 3
-10022
Convert 89 (base 12) to base 4.
1221
What is 28 (base 12) in base 9?
35
What is -10012 (base 3) in base 13?
-68
What is -12 (base 4) in base 13?
-6
What is -2 (base 8) in base 7?
-2
Convert -1b (base 15) to base 11.
-24
Convert -110 (base 3) to base 6.
-20
3231 (base 4) to base 8
355
Convert -28 (base 14) to base 12.
-30
Convert -4 (base 13) to base 8.
-4
What is -203 (base 7) in base 10?
-101
Convert -11101 (base 2) to base 14.
-21
Convert -101 (base 3) to base 12.
-a
f (base 16) to base 12
13
What is -1d (base 15) in base 16?
-1c
Convert 25 (base 12) to base 13.
23
What is -20 (base 8) in base 12?
-14
Convert -c (base 13) to base 3.
-110
Convert -64 (base 10) to base 14.
-48
What is 34 (base 12) in base 4?
220
Convert 111 (base 8) to base 4.
1021
Convert 50 (base 8) to base 16.
28
Convert 6 (base 14) to base 12.
6
6 (base 8) to base 11
6
110 (base 3) to base 15
c
1 (base 7) to base 9
1
What is 11 (base 14) in base 8?
17
What is -22 (base 4) in base 5?
-20
-1100 (base 2) to base 6
-20
Convert -21 (base 10) to base 4.
-111
Convert 100 (base 2) to base 13.
4
What is -1303 (base 4) in base 10?
-115
2330 (base 4) to base 5
1223
What is -e (base 16) in base 11?
-13
-125 (base 6) to base 4
-311
What is 2 (base 3) in base 7?
2
What is 11 (base 4) in base 6?
5
Convert 2b (base 14) to base 6.
103
What is -2 (base 10) in base 14?
-2
-49 (base 10) to base 14
-37
What is 224 (base 8) in base 14?
a8
Convert -214 (base 9) to base 3.
-20111
What is -1 (base 6) in base 2?
-1
1c (base 14) to base 16
1a
7 (base 12) to base 8
7
What is 7 (base 12) in base 10?
7
-1 (base 13) to base 7
-1
Convert -55 (base 15) to base 5.
-310
Convert 17a (base 12) to base 10.
238
What is 4 (base 11) in base 2?
100
What is -2 (base 4) in base 10?
-2
-100100 (base 2) to base 11
-33
340 (base 10) to base 2
101010100
-1 (base 7) to base 6
-1
-121 (base 9) to base 8
-144
Convert -13 (base 6) to base 2.
-1001
Convert 21 (base 10) to base 9.
23
4 (base 10) to base 3
11
2a (base 16) to base 2
101010
Convert 5 (base 12) to base 7.
5
What is 23a (base 12) in base 11?
284
-2 (base 14) to base 10
-2
What is 111201 (base 3) in base 13?
226
-2 (base 10) to base 5
-2
What is 0 (base 5) in base 7?
0
Convert -2 (base 14) to base 7.
-2
Convert 55 (base 15) to base 6.
212
-1 (base 12) to base 16
-1
-2 (base 8) to base 11
-2
Convert 0 (base 14) to base 4.
0
What is -24 (base 6) in base 14?
-12
Convert 0 (base 14) to base 2.
0
86 (base 12) to base 10
102
Convert -121 (base 3) to base 14.
-12
Convert 5 (base 8) to base 14.
5
What is -9 (base 13) in base 9?
-10
What is -7b (base 16) in base 15?
-83
-7 (base 12) to base 13
-7
What is 155 (base 8) in base 3?
11001
What is 15 (base 16) in base 3?
210
Convert 5 (base 12) to base 9.
5
What is 4 (base 7) in base 12?
4
What is 23 (base 8) in base 4?
103
120 (base 3) to base 2
1111
What is 34 (base 15) in base 11?
45
-225 (base 6) to base 4
-1121
What is 3a (base 11) in base 14?
31
-2 (base 11) to base 13
-2
What is -2 (base 13) in base 12?
-2
136 (base 14) to base 8
364
-1010110 (base 2) to base 14
-62
-12 (base 12) to base 16
-e
Convert -20 (base 3) to base 8.
-6
465 (base 7) to base 12
183
What is